{"id":1443,"date":"2026-02-06T14:06:14","date_gmt":"2026-02-06T14:06:14","guid":{"rendered":"https:\/\/www.indus-mobile.fr\/?page_id=1443"},"modified":"2026-03-05T15:31:59","modified_gmt":"2026-03-05T15:31:59","slug":"agenda-2","status":"publish","type":"page","link":"https:\/\/www.indus-mobile.fr\/index.php\/agenda-2\/","title":{"rendered":"Actualit\u00e9s"},"content":{"rendered":"\t\t<div data-elementor-type=\"wp-page\" data-elementor-id=\"1443\" class=\"elementor elementor-1443\" data-elementor-post-type=\"page\">\n\t\t\t\t<div class=\"elementor-element elementor-element-bc8bb5e e-flex e-con-boxed e-con e-parent\" data-id=\"bc8bb5e\" data-element_type=\"container\" data-e-type=\"container\" data-settings=\"{&quot;background_background&quot;:&quot;classic&quot;,&quot;background_motion_fx_motion_fx_scrolling&quot;:&quot;yes&quot;,&quot;background_motion_fx_devices&quot;:[&quot;widescreen&quot;,&quot;desktop&quot;,&quot;laptop&quot;,&quot;tablet&quot;,&quot;mobile&quot;]}\">\n\t\t\t\t\t<div class=\"e-con-inner\">\n\t\t\t\t<div class=\"elementor-element elementor-element-3d88917 elementor-widget elementor-widget-heading\" data-id=\"3d88917\" data-element_type=\"widget\" data-e-type=\"widget\" data-widget_type=\"heading.default\">\n\t\t\t\t\t<h2 class=\"elementor-heading-title elementor-size-default\">Les actualit\u00e9s d\u2019INDUS\u2019 MOBILE<\/h2>\t\t\t\t<\/div>\n\t\t\t\t<div class=\"elementor-element elementor-element-547e977 elementor-grid-tablet-3 elementor-grid-3 elementor-grid-mobile-1 elementor-widget elementor-widget-loop-grid\" data-id=\"547e977\" data-element_type=\"widget\" data-e-type=\"widget\" data-settings=\"{&quot;template_id&quot;:1455,&quot;columns_tablet&quot;:3,&quot;_skin&quot;:&quot;post&quot;,&quot;columns&quot;:&quot;3&quot;,&quot;columns_mobile&quot;:&quot;1&quot;,&quot;edit_handle_selector&quot;:&quot;[data-elementor-type=\\&quot;loop-item\\&quot;]&quot;,&quot;row_gap&quot;:{&quot;unit&quot;:&quot;px&quot;,&quot;size&quot;:&quot;&quot;,&quot;sizes&quot;:[]},&quot;row_gap_widescreen&quot;:{&quot;unit&quot;:&quot;px&quot;,&quot;size&quot;:&quot;&quot;,&quot;sizes&quot;:[]},&quot;row_gap_laptop&quot;:{&quot;unit&quot;:&quot;px&quot;,&quot;size&quot;:&quot;&quot;,&quot;sizes&quot;:[]},&quot;row_gap_tablet&quot;:{&quot;unit&quot;:&quot;px&quot;,&quot;size&quot;:&quot;&quot;,&quot;sizes&quot;:[]},&quot;row_gap_mobile&quot;:{&quot;unit&quot;:&quot;px&quot;,&quot;size&quot;:&quot;&quot;,&quot;sizes&quot;:[]}}\" data-widget_type=\"loop-grid.post\">\n\t\t\t\t<div class=\"elementor-widget-container\">\n\t\t\t\t\t\t\t<div class=\"elementor-loop-container elementor-grid\" role=\"list\">\n\t\t<style id=\"loop-1455\">.elementor-1455 .elementor-element.elementor-element-48088de{--display:flex;--flex-direction:column;--container-widget-width:100%;--container-widget-height:initial;--container-widget-flex-grow:0;--container-widget-align-self:initial;--flex-wrap-mobile:wrap;--gap:0px 0px;--row-gap:0px;--column-gap:0px;--margin-top:0px;--margin-bottom:0px;--margin-left:0px;--margin-right:0px;--padding-top:0px;--padding-bottom:0px;--padding-left:0px;--padding-right:0px;}.elementor-widget-theme-post-featured-image .widget-image-caption{color:var( --e-global-color-text );font-family:var( --e-global-typography-text-font-family ), Sans-serif;font-weight:var( --e-global-typography-text-font-weight );}.elementor-1455 .elementor-element.elementor-element-23eb31c:hover img{opacity:0.82;filter:brightness( 100% ) contrast( 100% ) saturate( 100% ) blur( 0px ) hue-rotate( 0deg );}.elementor-1455 .elementor-element.elementor-element-23eb31c img{transition-duration:0.4s;border-radius:0px 0px 0px 0px;}.elementor-1455 .elementor-element.elementor-element-23eb31c{margin:0px 0px calc(var(--kit-widget-spacing, 0px) + 0px) 0px;padding:0px 0px 0px 0px;border-style:solid;border-width:8px 8px 8px 8px;border-color:#FFFFFF;border-radius:0px 0px 0px 0px;}.elementor-1455 .elementor-element.elementor-element-198cc3e{--display:flex;--padding-top:20px;--padding-bottom:50px;--padding-left:20px;--padding-right:20px;}.elementor-1455 .elementor-element.elementor-element-198cc3e:not(.elementor-motion-effects-element-type-background), .elementor-1455 .elementor-element.elementor-element-198cc3e > .elementor-motion-effects-container > .elementor-motion-effects-layer{background-color:#4236C2;}.elementor-widget-theme-post-title .elementor-heading-title{font-family:var( --e-global-typography-primary-font-family ), Sans-serif;font-weight:var( --e-global-typography-primary-font-weight );color:var( --e-global-color-primary );}.elementor-1455 .elementor-element.elementor-element-4ff4ab0 .elementor-heading-title{font-family:\"Raleway\", Sans-serif;font-size:24px;font-weight:600;color:#FFFFFF;}.elementor-1455 .elementor-element.elementor-element-4ff4ab0 .elementor-heading-title a:hover, .elementor-1455 .elementor-element.elementor-element-4ff4ab0 .elementor-heading-title a:focus{color:#00B9FF;}.elementor-1455 .elementor-element.elementor-element-4ff4ab0 .elementor-heading-title a{transition-duration:0.3s;}<\/style>\t\t<div data-elementor-type=\"loop-item\" data-elementor-id=\"1455\" class=\"elementor elementor-1455 e-loop-item e-loop-item-2452 post-2452 post type-post status-publish format-standard has-post-thumbnail hentry category-uncategorized\" data-elementor-post-type=\"elementor_library\" data-custom-edit-handle=\"1\">\n\t\t\t<div class=\"elementor-element elementor-element-48088de e-flex e-con-boxed e-con e-parent\" data-id=\"48088de\" data-element_type=\"container\" data-e-type=\"container\">\n\t\t\t\t\t<div class=\"e-con-inner\">\n\t\t\t\t<div class=\"elementor-element elementor-element-23eb31c elementor-widget elementor-widget-theme-post-featured-image elementor-widget-image\" data-id=\"23eb31c\" data-element_type=\"widget\" data-e-type=\"widget\" data-widget_type=\"theme-post-featured-image.default\">\n\t\t\t\t\t\t\t\t\t\t\t\t\t\t\t\t<a href=\"https:\/\/www.indus-mobile.fr\/index.php\/2026\/03\/17\/preselections-regionales-industrie\/\">\n\t\t\t\t\t\t\t<img fetchpriority=\"high\" decoding=\"async\" width=\"800\" height=\"800\" src=\"https:\/\/www.indus-mobile.fr\/wp-content\/uploads\/2026\/03\/1773676107606.jpg\" class=\"attachment-full size-full wp-image-2453\" alt=\"Pr\u00e9s\u00e9lections Olympiades M\u00e9tiers\" srcset=\"https:\/\/www.indus-mobile.fr\/wp-content\/uploads\/2026\/03\/1773676107606.jpg 800w, https:\/\/www.indus-mobile.fr\/wp-content\/uploads\/2026\/03\/1773676107606-300x300.jpg 300w, https:\/\/www.indus-mobile.fr\/wp-content\/uploads\/2026\/03\/1773676107606-150x150.jpg 150w, https:\/\/www.indus-mobile.fr\/wp-content\/uploads\/2026\/03\/1773676107606-768x768.jpg 768w\" sizes=\"(max-width: 800px) 100vw, 800px\" \/>\t\t\t\t\t\t\t\t<\/a>\n\t\t\t\t\t\t\t\t\t\t\t\t\t\t\t<\/div>\n\t\t<div class=\"elementor-element elementor-element-198cc3e e-con-full e-flex e-con e-child\" data-id=\"198cc3e\" data-element_type=\"container\" data-e-type=\"container\" data-settings=\"{&quot;background_background&quot;:&quot;classic&quot;}\">\n\t\t\t\t<div class=\"elementor-element elementor-element-4ff4ab0 elementor-widget elementor-widget-theme-post-title elementor-page-title elementor-widget-heading\" data-id=\"4ff4ab0\" data-element_type=\"widget\" data-e-type=\"widget\" data-widget_type=\"theme-post-title.default\">\n\t\t\t\t\t<h1 class=\"elementor-heading-title elementor-size-default\"><a href=\"https:\/\/www.indus-mobile.fr\/index.php\/2026\/03\/17\/preselections-regionales-industrie\/\">Pr\u00e9s\u00e9lections r\u00e9gionales \u00e0 Brive &#8211; 26\/03<\/a><\/h1>\t\t\t\t<\/div>\n\t\t\t\t<\/div>\n\t\t\t\t\t<\/div>\n\t\t\t\t<\/div>\n\t\t\t\t<\/div>\n\t\t\t\t<div data-elementor-type=\"loop-item\" data-elementor-id=\"1455\" class=\"elementor elementor-1455 e-loop-item e-loop-item-1850 post-1850 post type-post status-publish format-standard has-post-thumbnail hentry category-uncategorized\" data-elementor-post-type=\"elementor_library\" data-custom-edit-handle=\"1\">\n\t\t\t<div class=\"elementor-element elementor-element-48088de e-flex e-con-boxed e-con e-parent\" data-id=\"48088de\" data-element_type=\"container\" data-e-type=\"container\">\n\t\t\t\t\t<div class=\"e-con-inner\">\n\t\t\t\t<div class=\"elementor-element elementor-element-23eb31c elementor-widget elementor-widget-theme-post-featured-image elementor-widget-image\" data-id=\"23eb31c\" data-element_type=\"widget\" data-e-type=\"widget\" data-widget_type=\"theme-post-featured-image.default\">\n\t\t\t\t\t\t\t\t\t\t\t\t\t\t\t\t<a href=\"https:\/\/www.indus-mobile.fr\/index.php\/2026\/02\/16\/job-dating-25-mars\/\">\n\t\t\t\t\t\t\t<img decoding=\"async\" width=\"464\" height=\"462\" src=\"https:\/\/www.indus-mobile.fr\/wp-content\/uploads\/2026\/02\/Image-2.webp\" class=\"attachment-full size-full wp-image-1473\" alt=\"journ\u00e9e job dating\" srcset=\"https:\/\/www.indus-mobile.fr\/wp-content\/uploads\/2026\/02\/Image-2.webp 464w, https:\/\/www.indus-mobile.fr\/wp-content\/uploads\/2026\/02\/Image-2-300x300.webp 300w, https:\/\/www.indus-mobile.fr\/wp-content\/uploads\/2026\/02\/Image-2-150x150.webp 150w\" sizes=\"(max-width: 464px) 100vw, 464px\" \/>\t\t\t\t\t\t\t\t<\/a>\n\t\t\t\t\t\t\t\t\t\t\t\t\t\t\t<\/div>\n\t\t<div class=\"elementor-element elementor-element-198cc3e e-con-full e-flex e-con e-child\" data-id=\"198cc3e\" data-element_type=\"container\" data-e-type=\"container\" data-settings=\"{&quot;background_background&quot;:&quot;classic&quot;}\">\n\t\t\t\t<div class=\"elementor-element elementor-element-4ff4ab0 elementor-widget elementor-widget-theme-post-title elementor-page-title elementor-widget-heading\" data-id=\"4ff4ab0\" data-element_type=\"widget\" data-e-type=\"widget\" data-widget_type=\"theme-post-title.default\">\n\t\t\t\t\t<h1 class=\"elementor-heading-title elementor-size-default\"><a href=\"https:\/\/www.indus-mobile.fr\/index.php\/2026\/02\/16\/job-dating-25-mars\/\">Job dating 25 mars 2026<\/a><\/h1>\t\t\t\t<\/div>\n\t\t\t\t<\/div>\n\t\t\t\t\t<\/div>\n\t\t\t\t<\/div>\n\t\t\t\t<\/div>\n\t\t\t\t<div data-elementor-type=\"loop-item\" data-elementor-id=\"1455\" class=\"elementor elementor-1455 e-loop-item e-loop-item-1828 post-1828 post type-post status-publish format-standard has-post-thumbnail hentry category-uncategorized\" data-elementor-post-type=\"elementor_library\" data-custom-edit-handle=\"1\">\n\t\t\t<div class=\"elementor-element elementor-element-48088de e-flex e-con-boxed e-con e-parent\" data-id=\"48088de\" data-element_type=\"container\" data-e-type=\"container\">\n\t\t\t\t\t<div class=\"e-con-inner\">\n\t\t\t\t<div class=\"elementor-element elementor-element-23eb31c elementor-widget elementor-widget-theme-post-featured-image elementor-widget-image\" data-id=\"23eb31c\" data-element_type=\"widget\" data-e-type=\"widget\" data-widget_type=\"theme-post-featured-image.default\">\n\t\t\t\t\t\t\t\t\t\t\t\t\t\t\t\t<a href=\"https:\/\/www.indus-mobile.fr\/index.php\/2026\/02\/10\/indusmobile-arrive\/\">\n\t\t\t\t\t\t\t<img decoding=\"async\" width=\"464\" height=\"462\" src=\"https:\/\/www.indus-mobile.fr\/wp-content\/uploads\/2026\/02\/Image-1.webp\" class=\"attachment-full size-full wp-image-1446\" alt=\"Indus&#039;Mobile arrive\" srcset=\"https:\/\/www.indus-mobile.fr\/wp-content\/uploads\/2026\/02\/Image-1.webp 464w, https:\/\/www.indus-mobile.fr\/wp-content\/uploads\/2026\/02\/Image-1-300x300.webp 300w, https:\/\/www.indus-mobile.fr\/wp-content\/uploads\/2026\/02\/Image-1-150x150.webp 150w\" sizes=\"(max-width: 464px) 100vw, 464px\" \/>\t\t\t\t\t\t\t\t<\/a>\n\t\t\t\t\t\t\t\t\t\t\t\t\t\t\t<\/div>\n\t\t<div class=\"elementor-element elementor-element-198cc3e e-con-full e-flex e-con e-child\" data-id=\"198cc3e\" data-element_type=\"container\" data-e-type=\"container\" data-settings=\"{&quot;background_background&quot;:&quot;classic&quot;}\">\n\t\t\t\t<div class=\"elementor-element elementor-element-4ff4ab0 elementor-widget elementor-widget-theme-post-title elementor-page-title elementor-widget-heading\" data-id=\"4ff4ab0\" data-element_type=\"widget\" data-e-type=\"widget\" data-widget_type=\"theme-post-title.default\">\n\t\t\t\t\t<h1 class=\"elementor-heading-title elementor-size-default\"><a href=\"https:\/\/www.indus-mobile.fr\/index.php\/2026\/02\/10\/indusmobile-arrive\/\">Indus&rsquo;Mobile arrive<\/a><\/h1>\t\t\t\t<\/div>\n\t\t\t\t<\/div>\n\t\t\t\t\t<\/div>\n\t\t\t\t<\/div>\n\t\t\t\t<\/div>\n\t\t\t\t<div data-elementor-type=\"loop-item\" data-elementor-id=\"1455\" class=\"elementor elementor-1455 e-loop-item e-loop-item-1477 post-1477 post type-post status-publish format-standard has-post-thumbnail hentry category-uncategorized\" data-elementor-post-type=\"elementor_library\" data-custom-edit-handle=\"1\">\n\t\t\t<div class=\"elementor-element elementor-element-48088de e-flex e-con-boxed e-con e-parent\" data-id=\"48088de\" data-element_type=\"container\" data-e-type=\"container\">\n\t\t\t\t\t<div class=\"e-con-inner\">\n\t\t\t\t<div class=\"elementor-element elementor-element-23eb31c elementor-widget elementor-widget-theme-post-featured-image elementor-widget-image\" data-id=\"23eb31c\" data-element_type=\"widget\" data-e-type=\"widget\" data-widget_type=\"theme-post-featured-image.default\">\n\t\t\t\t\t\t\t\t\t\t\t\t\t\t\t\t<a href=\"https:\/\/www.indus-mobile.fr\/index.php\/2026\/02\/06\/tu-as-ta-place\/\">\n\t\t\t\t\t\t\t<img loading=\"lazy\" decoding=\"async\" width=\"464\" height=\"462\" src=\"https:\/\/www.indus-mobile.fr\/wp-content\/uploads\/2026\/02\/Image-3.webp\" class=\"attachment-full size-full wp-image-1479\" alt=\"\" srcset=\"https:\/\/www.indus-mobile.fr\/wp-content\/uploads\/2026\/02\/Image-3.webp 464w, https:\/\/www.indus-mobile.fr\/wp-content\/uploads\/2026\/02\/Image-3-300x300.webp 300w, https:\/\/www.indus-mobile.fr\/wp-content\/uploads\/2026\/02\/Image-3-150x150.webp 150w\" sizes=\"(max-width: 464px) 100vw, 464px\" \/>\t\t\t\t\t\t\t\t<\/a>\n\t\t\t\t\t\t\t\t\t\t\t\t\t\t\t<\/div>\n\t\t<div class=\"elementor-element elementor-element-198cc3e e-con-full e-flex e-con e-child\" data-id=\"198cc3e\" data-element_type=\"container\" data-e-type=\"container\" data-settings=\"{&quot;background_background&quot;:&quot;classic&quot;}\">\n\t\t\t\t<div class=\"elementor-element elementor-element-4ff4ab0 elementor-widget elementor-widget-theme-post-title elementor-page-title elementor-widget-heading\" data-id=\"4ff4ab0\" data-element_type=\"widget\" data-e-type=\"widget\" data-widget_type=\"theme-post-title.default\">\n\t\t\t\t\t<h1 class=\"elementor-heading-title elementor-size-default\"><a href=\"https:\/\/www.indus-mobile.fr\/index.php\/2026\/02\/06\/tu-as-ta-place\/\">Tu as ta place !<\/a><\/h1>\t\t\t\t<\/div>\n\t\t\t\t<\/div>\n\t\t\t\t\t<\/div>\n\t\t\t\t<\/div>\n\t\t\t\t<\/div>\n\t\t\t\t<\/div>\n\t\t\n\t\t\t\t\t\t<\/div>\n\t\t\t\t<\/div>\n\t\t\t\t\t<\/div>\n\t\t\t\t<\/div>\n\t\t<div class=\"elementor-element elementor-element-b91f180 e-flex e-con-boxed e-con e-parent\" data-id=\"b91f180\" data-element_type=\"container\" data-e-type=\"container\" data-settings=\"{&quot;background_background&quot;:&quot;classic&quot;,&quot;background_motion_fx_translateY_effect&quot;:&quot;yes&quot;,&quot;background_motion_fx_motion_fx_scrolling&quot;:&quot;yes&quot;,&quot;background_motion_fx_translateY_speed&quot;:{&quot;unit&quot;:&quot;px&quot;,&quot;size&quot;:4,&quot;sizes&quot;:[]},&quot;background_motion_fx_translateY_affectedRange&quot;:{&quot;unit&quot;:&quot;%&quot;,&quot;size&quot;:&quot;&quot;,&quot;sizes&quot;:{&quot;start&quot;:0,&quot;end&quot;:100}},&quot;background_motion_fx_devices&quot;:[&quot;widescreen&quot;,&quot;desktop&quot;,&quot;laptop&quot;,&quot;tablet&quot;,&quot;mobile&quot;]}\">\n\t\t\t\t\t<div class=\"e-con-inner\">\n\t\t\t\t\t<\/div>\n\t\t\t\t<\/div>\n\t\t\t\t<\/div>\n\t\t","protected":false},"excerpt":{"rendered":"<p>Suivez l\u2019actualit\u00e9 d\u2019Indus\u2019Mobile \u00e0 travers ses \u00e9v\u00e9nements, d\u00e9placements et actions de sensibilisation aux m\u00e9tiers industriels et aux technologies innovantes sur le territoire.<\/p>\n","protected":false},"author":1,"featured_media":1879,"parent":0,"menu_order":0,"comment_status":"closed","ping_status":"closed","template":"elementor_header_footer","meta":{"footnotes":""},"class_list":["post-1443","page","type-page","status-publish","has-post-thumbnail","hentry"],"yoast_head":"<!-- This site is optimized with the Yoast SEO plugin v27.3 - https:\/\/yoast.com\/product\/yoast-seo-wordpress\/ -->\n<title>Actualit\u00e9s - Indus Mobile<\/title>\n<meta name=\"description\" content=\"D\u00e9couvrez les actualit\u00e9s d\u2019Indus\u2019Mobile : interventions, temps forts et initiatives autour des m\u00e9tiers de l\u2019industrie en Limousin.\" \/>\n<meta name=\"robots\" content=\"index, follow, max-snippet:-1, max-image-preview:large, max-video-preview:-1\" \/>\n<link rel=\"canonical\" href=\"https:\/\/www.indus-mobile.fr\/index.php\/agenda-2\/\" \/>\n<meta property=\"og:locale\" content=\"fr_FR\" \/>\n<meta property=\"og:type\" content=\"article\" \/>\n<meta property=\"og:title\" content=\"Toute l&#039;actualit\u00e9 d&#039;Indus&#039;Mobile\" \/>\n<meta property=\"og:description\" content=\"Suivez l\u2019actualit\u00e9 d\u2019Indus\u2019Mobile \u00e0 travers ses \u00e9v\u00e9nements, d\u00e9placements et actions de sensibilisation aux m\u00e9tiers industriels et aux technologies innovantes sur le territoire.\" \/>\n<meta property=\"og:url\" content=\"https:\/\/www.indus-mobile.fr\/index.php\/agenda-2\/\" \/>\n<meta property=\"og:site_name\" content=\"Indus Mobile\" \/>\n<meta property=\"article:modified_time\" content=\"2026-03-05T15:31:59+00:00\" \/>\n<meta property=\"og:image\" content=\"https:\/\/www.indus-mobile.fr\/wp-content\/uploads\/2026\/02\/IndusMobile-MEA-01.jpg\" \/>\n\t<meta property=\"og:image:width\" content=\"1080\" \/>\n\t<meta property=\"og:image:height\" content=\"1080\" \/>\n\t<meta property=\"og:image:type\" content=\"image\/jpeg\" \/>\n<meta name=\"twitter:card\" content=\"summary_large_image\" \/>\n<meta name=\"twitter:title\" content=\"Toute l&#039;actualit\u00e9 d&#039;Indus&#039;Mobile\" \/>\n<meta name=\"twitter:description\" content=\"Suivez l\u2019actualit\u00e9 d\u2019Indus\u2019Mobile \u00e0 travers ses \u00e9v\u00e9nements, d\u00e9placements et actions de sensibilisation aux m\u00e9tiers industriels et aux technologies innovantes sur le territoire.\" \/>\n<meta name=\"twitter:image\" content=\"https:\/\/www.indus-mobile.fr\/wp-content\/uploads\/2026\/02\/IndusMobile-MEA-01.jpg\" \/>\n<meta name=\"twitter:label1\" content=\"Dur\u00e9e de lecture estim\u00e9e\" \/>\n\t<meta name=\"twitter:data1\" content=\"1 minute\" \/>\n<script type=\"application\/ld+json\" class=\"yoast-schema-graph\">{\"@context\":\"https:\\\/\\\/schema.org\",\"@graph\":[{\"@type\":\"WebPage\",\"@id\":\"https:\\\/\\\/www.indus-mobile.fr\\\/index.php\\\/agenda-2\\\/\",\"url\":\"https:\\\/\\\/www.indus-mobile.fr\\\/index.php\\\/agenda-2\\\/\",\"name\":\"Actualit\u00e9s - Indus Mobile\",\"isPartOf\":{\"@id\":\"https:\\\/\\\/www.indus-mobile.fr\\\/#website\"},\"primaryImageOfPage\":{\"@id\":\"https:\\\/\\\/www.indus-mobile.fr\\\/index.php\\\/agenda-2\\\/#primaryimage\"},\"image\":{\"@id\":\"https:\\\/\\\/www.indus-mobile.fr\\\/index.php\\\/agenda-2\\\/#primaryimage\"},\"thumbnailUrl\":\"https:\\\/\\\/www.indus-mobile.fr\\\/wp-content\\\/uploads\\\/2026\\\/02\\\/IndusMobile-MEA-01.jpg\",\"datePublished\":\"2026-02-06T14:06:14+00:00\",\"dateModified\":\"2026-03-05T15:31:59+00:00\",\"description\":\"D\u00e9couvrez les actualit\u00e9s d\u2019Indus\u2019Mobile : interventions, temps forts et initiatives autour des m\u00e9tiers de l\u2019industrie en Limousin.\",\"breadcrumb\":{\"@id\":\"https:\\\/\\\/www.indus-mobile.fr\\\/index.php\\\/agenda-2\\\/#breadcrumb\"},\"inLanguage\":\"fr-FR\",\"potentialAction\":[{\"@type\":\"ReadAction\",\"target\":[\"https:\\\/\\\/www.indus-mobile.fr\\\/index.php\\\/agenda-2\\\/\"]}]},{\"@type\":\"ImageObject\",\"inLanguage\":\"fr-FR\",\"@id\":\"https:\\\/\\\/www.indus-mobile.fr\\\/index.php\\\/agenda-2\\\/#primaryimage\",\"url\":\"https:\\\/\\\/www.indus-mobile.fr\\\/wp-content\\\/uploads\\\/2026\\\/02\\\/IndusMobile-MEA-01.jpg\",\"contentUrl\":\"https:\\\/\\\/www.indus-mobile.fr\\\/wp-content\\\/uploads\\\/2026\\\/02\\\/IndusMobile-MEA-01.jpg\",\"width\":1080,\"height\":1080},{\"@type\":\"BreadcrumbList\",\"@id\":\"https:\\\/\\\/www.indus-mobile.fr\\\/index.php\\\/agenda-2\\\/#breadcrumb\",\"itemListElement\":[{\"@type\":\"ListItem\",\"position\":1,\"name\":\"Accueil\",\"item\":\"https:\\\/\\\/www.indus-mobile.fr\\\/\"},{\"@type\":\"ListItem\",\"position\":2,\"name\":\"Actualit\u00e9s\"}]},{\"@type\":\"WebSite\",\"@id\":\"https:\\\/\\\/www.indus-mobile.fr\\\/#website\",\"url\":\"https:\\\/\\\/www.indus-mobile.fr\\\/\",\"name\":\"Indus Mobile\",\"description\":\"L&#039;usine itin\u00e9rante du Limousin\",\"publisher\":{\"@id\":\"https:\\\/\\\/www.indus-mobile.fr\\\/#organization\"},\"potentialAction\":[{\"@type\":\"SearchAction\",\"target\":{\"@type\":\"EntryPoint\",\"urlTemplate\":\"https:\\\/\\\/www.indus-mobile.fr\\\/?s={search_term_string}\"},\"query-input\":{\"@type\":\"PropertyValueSpecification\",\"valueRequired\":true,\"valueName\":\"search_term_string\"}}],\"inLanguage\":\"fr-FR\"},{\"@type\":\"Organization\",\"@id\":\"https:\\\/\\\/www.indus-mobile.fr\\\/#organization\",\"name\":\"Indus Mobile\",\"url\":\"https:\\\/\\\/www.indus-mobile.fr\\\/\",\"logo\":{\"@type\":\"ImageObject\",\"inLanguage\":\"fr-FR\",\"@id\":\"https:\\\/\\\/www.indus-mobile.fr\\\/#\\\/schema\\\/logo\\\/image\\\/\",\"url\":\"https:\\\/\\\/www.indus-mobile.fr\\\/wp-content\\\/uploads\\\/2026\\\/01\\\/Logo.png\",\"contentUrl\":\"https:\\\/\\\/www.indus-mobile.fr\\\/wp-content\\\/uploads\\\/2026\\\/01\\\/Logo.png\",\"width\":364,\"height\":192,\"caption\":\"Indus Mobile\"},\"image\":{\"@id\":\"https:\\\/\\\/www.indus-mobile.fr\\\/#\\\/schema\\\/logo\\\/image\\\/\"}}]}<\/script>\n<!-- \/ Yoast SEO plugin. -->","yoast_head_json":{"title":"Actualit\u00e9s - Indus Mobile","description":"D\u00e9couvrez les actualit\u00e9s d\u2019Indus\u2019Mobile : interventions, temps forts et initiatives autour des m\u00e9tiers de l\u2019industrie en Limousin.","robots":{"index":"index","follow":"follow","max-snippet":"max-snippet:-1","max-image-preview":"max-image-preview:large","max-video-preview":"max-video-preview:-1"},"canonical":"https:\/\/www.indus-mobile.fr\/index.php\/agenda-2\/","og_locale":"fr_FR","og_type":"article","og_title":"Toute l'actualit\u00e9 d'Indus'Mobile","og_description":"Suivez l\u2019actualit\u00e9 d\u2019Indus\u2019Mobile \u00e0 travers ses \u00e9v\u00e9nements, d\u00e9placements et actions de sensibilisation aux m\u00e9tiers industriels et aux technologies innovantes sur le territoire.","og_url":"https:\/\/www.indus-mobile.fr\/index.php\/agenda-2\/","og_site_name":"Indus Mobile","article_modified_time":"2026-03-05T15:31:59+00:00","og_image":[{"width":1080,"height":1080,"url":"https:\/\/www.indus-mobile.fr\/wp-content\/uploads\/2026\/02\/IndusMobile-MEA-01.jpg","type":"image\/jpeg"}],"twitter_card":"summary_large_image","twitter_title":"Toute l'actualit\u00e9 d'Indus'Mobile","twitter_description":"Suivez l\u2019actualit\u00e9 d\u2019Indus\u2019Mobile \u00e0 travers ses \u00e9v\u00e9nements, d\u00e9placements et actions de sensibilisation aux m\u00e9tiers industriels et aux technologies innovantes sur le territoire.","twitter_image":"https:\/\/www.indus-mobile.fr\/wp-content\/uploads\/2026\/02\/IndusMobile-MEA-01.jpg","twitter_misc":{"Dur\u00e9e de lecture estim\u00e9e":"1 minute"},"schema":{"@context":"https:\/\/schema.org","@graph":[{"@type":"WebPage","@id":"https:\/\/www.indus-mobile.fr\/index.php\/agenda-2\/","url":"https:\/\/www.indus-mobile.fr\/index.php\/agenda-2\/","name":"Actualit\u00e9s - Indus Mobile","isPartOf":{"@id":"https:\/\/www.indus-mobile.fr\/#website"},"primaryImageOfPage":{"@id":"https:\/\/www.indus-mobile.fr\/index.php\/agenda-2\/#primaryimage"},"image":{"@id":"https:\/\/www.indus-mobile.fr\/index.php\/agenda-2\/#primaryimage"},"thumbnailUrl":"https:\/\/www.indus-mobile.fr\/wp-content\/uploads\/2026\/02\/IndusMobile-MEA-01.jpg","datePublished":"2026-02-06T14:06:14+00:00","dateModified":"2026-03-05T15:31:59+00:00","description":"D\u00e9couvrez les actualit\u00e9s d\u2019Indus\u2019Mobile : interventions, temps forts et initiatives autour des m\u00e9tiers de l\u2019industrie en Limousin.","breadcrumb":{"@id":"https:\/\/www.indus-mobile.fr\/index.php\/agenda-2\/#breadcrumb"},"inLanguage":"fr-FR","potentialAction":[{"@type":"ReadAction","target":["https:\/\/www.indus-mobile.fr\/index.php\/agenda-2\/"]}]},{"@type":"ImageObject","inLanguage":"fr-FR","@id":"https:\/\/www.indus-mobile.fr\/index.php\/agenda-2\/#primaryimage","url":"https:\/\/www.indus-mobile.fr\/wp-content\/uploads\/2026\/02\/IndusMobile-MEA-01.jpg","contentUrl":"https:\/\/www.indus-mobile.fr\/wp-content\/uploads\/2026\/02\/IndusMobile-MEA-01.jpg","width":1080,"height":1080},{"@type":"BreadcrumbList","@id":"https:\/\/www.indus-mobile.fr\/index.php\/agenda-2\/#breadcrumb","itemListElement":[{"@type":"ListItem","position":1,"name":"Accueil","item":"https:\/\/www.indus-mobile.fr\/"},{"@type":"ListItem","position":2,"name":"Actualit\u00e9s"}]},{"@type":"WebSite","@id":"https:\/\/www.indus-mobile.fr\/#website","url":"https:\/\/www.indus-mobile.fr\/","name":"Indus Mobile","description":"L&#039;usine itin\u00e9rante du Limousin","publisher":{"@id":"https:\/\/www.indus-mobile.fr\/#organization"},"potentialAction":[{"@type":"SearchAction","target":{"@type":"EntryPoint","urlTemplate":"https:\/\/www.indus-mobile.fr\/?s={search_term_string}"},"query-input":{"@type":"PropertyValueSpecification","valueRequired":true,"valueName":"search_term_string"}}],"inLanguage":"fr-FR"},{"@type":"Organization","@id":"https:\/\/www.indus-mobile.fr\/#organization","name":"Indus Mobile","url":"https:\/\/www.indus-mobile.fr\/","logo":{"@type":"ImageObject","inLanguage":"fr-FR","@id":"https:\/\/www.indus-mobile.fr\/#\/schema\/logo\/image\/","url":"https:\/\/www.indus-mobile.fr\/wp-content\/uploads\/2026\/01\/Logo.png","contentUrl":"https:\/\/www.indus-mobile.fr\/wp-content\/uploads\/2026\/01\/Logo.png","width":364,"height":192,"caption":"Indus Mobile"},"image":{"@id":"https:\/\/www.indus-mobile.fr\/#\/schema\/logo\/image\/"}}]}},"_links":{"self":[{"href":"https:\/\/www.indus-mobile.fr\/index.php\/wp-json\/wp\/v2\/pages\/1443","targetHints":{"allow":["GET"]}}],"collection":[{"href":"https:\/\/www.indus-mobile.fr\/index.php\/wp-json\/wp\/v2\/pages"}],"about":[{"href":"https:\/\/www.indus-mobile.fr\/index.php\/wp-json\/wp\/v2\/types\/page"}],"author":[{"embeddable":true,"href":"https:\/\/www.indus-mobile.fr\/index.php\/wp-json\/wp\/v2\/users\/1"}],"replies":[{"embeddable":true,"href":"https:\/\/www.indus-mobile.fr\/index.php\/wp-json\/wp\/v2\/comments?post=1443"}],"version-history":[{"count":1,"href":"https:\/\/www.indus-mobile.fr\/index.php\/wp-json\/wp\/v2\/pages\/1443\/revisions"}],"predecessor-version":[{"id":1894,"href":"https:\/\/www.indus-mobile.fr\/index.php\/wp-json\/wp\/v2\/pages\/1443\/revisions\/1894"}],"wp:featuredmedia":[{"embeddable":true,"href":"https:\/\/www.indus-mobile.fr\/index.php\/wp-json\/wp\/v2\/media\/1879"}],"wp:attachment":[{"href":"https:\/\/www.indus-mobile.fr\/index.php\/wp-json\/wp\/v2\/media?parent=1443"}],"curies":[{"name":"wp","href":"https:\/\/api.w.org\/{rel}","templated":true}]}}