{"id":1542,"date":"2026-02-09T13:02:37","date_gmt":"2026-02-09T13:02:37","guid":{"rendered":"https:\/\/www.indus-mobile.fr\/?page_id=1542"},"modified":"2026-02-26T13:24:29","modified_gmt":"2026-02-26T13:24:29","slug":"contact","status":"publish","type":"page","link":"https:\/\/www.indus-mobile.fr\/index.php\/contact\/","title":{"rendered":"Contact"},"content":{"rendered":"\t\t<div data-elementor-type=\"wp-page\" data-elementor-id=\"1542\" class=\"elementor elementor-1542\" data-elementor-post-type=\"page\">\n\t\t\t\t<div class=\"elementor-element elementor-element-bc8bb5e e-flex e-con-boxed e-con e-parent\" data-id=\"bc8bb5e\" data-element_type=\"container\" data-e-type=\"container\" data-settings=\"{&quot;background_background&quot;:&quot;classic&quot;,&quot;background_motion_fx_motion_fx_scrolling&quot;:&quot;yes&quot;,&quot;background_motion_fx_devices&quot;:[&quot;widescreen&quot;,&quot;desktop&quot;,&quot;laptop&quot;,&quot;tablet&quot;,&quot;mobile&quot;]}\">\n\t\t\t\t\t<div class=\"e-con-inner\">\n\t\t\t\t<div class=\"elementor-element elementor-element-3d88917 elementor-widget elementor-widget-heading\" data-id=\"3d88917\" data-element_type=\"widget\" data-e-type=\"widget\" data-widget_type=\"heading.default\">\n\t\t\t\t\t<h2 class=\"elementor-heading-title elementor-size-default\">Nous contacter <\/h2>\t\t\t\t<\/div>\n\t\t\t\t\t<\/div>\n\t\t\t\t<\/div>\n\t\t<div class=\"elementor-element elementor-element-1ccfae7 e-flex e-con-boxed e-con e-parent\" data-id=\"1ccfae7\" data-element_type=\"container\" data-e-type=\"container\">\n\t\t\t\t\t<div class=\"e-con-inner\">\n\t\t<div class=\"elementor-element elementor-element-81e51bc e-con-full e-flex e-con e-child\" data-id=\"81e51bc\" data-element_type=\"container\" data-e-type=\"container\">\n\t\t\t\t<div class=\"elementor-element elementor-element-2221673 elementor-widget elementor-widget-text-editor\" data-id=\"2221673\" data-element_type=\"widget\" data-e-type=\"widget\" data-widget_type=\"text-editor.default\">\n\t\t\t\t\t\t\t\t\t<p><strong>INDUS&rsquo; MOBILE<\/strong><br \/>11 Rue Andr\u00e9 Fabry,<br \/>19100 Brive-la-Gaillarde<\/p><p><strong><span aria-label=\"Appeler le 05 55 30 08 08\"><a href=\"tel:0555300808\">05 55 30 08 08<\/a><br \/><\/span><\/strong><a href=\"mailto:contact@indus-mobile.fr\">contact@indus-mobile.fr<\/a><\/p>\t\t\t\t\t\t\t\t<\/div>\n\t\t\t\t<div class=\"elementor-element elementor-element-72d7829 elementor-widget elementor-widget-heading\" data-id=\"72d7829\" data-element_type=\"widget\" data-e-type=\"widget\" data-widget_type=\"heading.default\">\n\t\t\t\t\t<h2 class=\"elementor-heading-title elementor-size-default\">Laissez nous un message :<\/h2>\t\t\t\t<\/div>\n\t\t\t\t<div class=\"elementor-element elementor-element-d8af61b elementor-button-align-stretch elementor-widget elementor-widget-form\" data-id=\"d8af61b\" data-element_type=\"widget\" data-e-type=\"widget\" data-settings=\"{&quot;step_next_label&quot;:&quot;Suivant&quot;,&quot;step_previous_label&quot;:&quot;Pr\\u00e9c\\u00e9dent&quot;,&quot;button_width&quot;:&quot;100&quot;,&quot;step_type&quot;:&quot;number_text&quot;,&quot;step_icon_shape&quot;:&quot;circle&quot;}\" data-widget_type=\"form.default\">\n\t\t\t\t\t\t\t<form class=\"elementor-form\" method=\"post\" name=\"Nouveau formulaire\" aria-label=\"Nouveau formulaire\">\n\t\t\t<input type=\"hidden\" name=\"post_id\" value=\"1542\"\/>\n\t\t\t<input type=\"hidden\" name=\"form_id\" value=\"d8af61b\"\/>\n\t\t\t<input type=\"hidden\" name=\"referer_title\" value=\"Contact - Indus Mobile\" \/>\n\n\t\t\t\t\t\t\t<input type=\"hidden\" name=\"queried_id\" value=\"1542\"\/>\n\t\t\t\n\t\t\t<div class=\"elementor-form-fields-wrapper elementor-labels-\">\n\t\t\t\t\t\t\t\t<div class=\"elementor-field-type-text elementor-field-group elementor-column elementor-field-group-name elementor-col-100 elementor-field-required\">\n\t\t\t\t\t\t\t\t\t\t\t\t\t<input size=\"1\" type=\"text\" name=\"form_fields[name]\" id=\"form-field-name\" class=\"elementor-field elementor-size-sm  elementor-field-textual\" placeholder=\"Nom &amp; Pr\u00e9nom*\" required=\"required\">\n\t\t\t\t\t\t\t\t\t\t\t<\/div>\n\t\t\t\t\t\t\t\t<div class=\"elementor-field-type-email elementor-field-group elementor-column elementor-field-group-field_d3f258e elementor-col-100 elementor-field-required\">\n\t\t\t\t\t\t\t\t\t\t\t\t\t<input size=\"1\" type=\"email\" name=\"form_fields[field_d3f258e]\" id=\"form-field-field_d3f258e\" class=\"elementor-field elementor-size-sm  elementor-field-textual\" placeholder=\"e-mail*\" required=\"required\">\n\t\t\t\t\t\t\t\t\t\t\t<\/div>\n\t\t\t\t\t\t\t\t<div class=\"elementor-field-type-text elementor-field-group elementor-column elementor-field-group-field_797ddf7 elementor-col-100 elementor-field-required\">\n\t\t\t\t\t\t\t\t\t\t\t\t\t<input size=\"1\" type=\"text\" name=\"form_fields[field_797ddf7]\" id=\"form-field-field_797ddf7\" class=\"elementor-field elementor-size-sm  elementor-field-textual\" placeholder=\"T\u00e9l\u00e9phone*\" required=\"required\">\n\t\t\t\t\t\t\t\t\t\t\t<\/div>\n\t\t\t\t\t\t\t\t<div class=\"elementor-field-type-text elementor-field-group elementor-column elementor-field-group-field_85ac62f elementor-col-100 elementor-field-required\">\n\t\t\t\t\t\t\t\t\t\t\t\t\t<input size=\"1\" type=\"text\" name=\"form_fields[field_85ac62f]\" id=\"form-field-field_85ac62f\" class=\"elementor-field elementor-size-sm  elementor-field-textual\" placeholder=\"Soci\u00e9t\u00e9*\" required=\"required\">\n\t\t\t\t\t\t\t\t\t\t\t<\/div>\n\t\t\t\t\t\t\t\t<div class=\"elementor-field-type-textarea elementor-field-group elementor-column elementor-field-group-message elementor-col-100 elementor-field-required\">\n\t\t\t\t\t\t\t\t\t\t\t\t<label for=\"form-field-message\" class=\"elementor-field-label elementor-screen-only\">\n\t\t\t\t\t\t\t\tMessage\t\t\t\t\t\t\t<\/label>\n\t\t\t\t\t\t<textarea class=\"elementor-field-textual elementor-field  elementor-size-sm\" name=\"form_fields[message]\" id=\"form-field-message\" rows=\"4\" placeholder=\"Message*\" required=\"required\"><\/textarea>\t\t\t\t<\/div>\n\t\t\t\t\t\t\t\t<div class=\"elementor-field-type-acceptance elementor-field-group elementor-column elementor-field-group-field_fdccf2a elementor-col-100 elementor-field-required\">\n\t\t\t\t\t\t\t<div class=\"elementor-field-subgroup\">\n\t\t\t<span class=\"elementor-field-option\">\n\t\t\t\t<input type=\"checkbox\" name=\"form_fields[field_fdccf2a]\" id=\"form-field-field_fdccf2a\" class=\"elementor-field elementor-size-sm  elementor-acceptance-field\" required=\"required\">\n\t\t\t\t<label for=\"form-field-field_fdccf2a\">En soumettant ce formulaire, j'accepte que les informations saisies soient exploit\u00e9es pour les finalit\u00e9s d\u00e9crites dans les mentions l\u00e9gales<\/label>\t\t\t<\/span>\n\t\t<\/div>\n\t\t\t\t\t\t<\/div>\n\t\t\t\t\t\t\t\t<div class=\"elementor-field-type-text\">\n\t\t\t\t\t<input size=\"1\" type=\"text\" name=\"form_fields[field_a45a51b]\" id=\"form-field-field_a45a51b\" class=\"elementor-field elementor-size-sm \" style=\"display:none !important;\">\t\t\t\t<\/div>\n\t\t\t\t\t\t\t\t<div class=\"elementor-field-group elementor-column elementor-field-type-submit elementor-col-100 e-form__buttons\">\n\t\t\t\t\t<button class=\"elementor-button elementor-size-md\" type=\"submit\">\n\t\t\t\t\t\t<span class=\"elementor-button-content-wrapper\">\n\t\t\t\t\t\t\t\t\t\t\t\t\t\t\t\t\t\t\t\t\t\t<span class=\"elementor-button-text\">Envoyer<\/span>\n\t\t\t\t\t\t\t\t\t\t\t\t\t<\/span>\n\t\t\t\t\t<\/button>\n\t\t\t\t<\/div>\n\t\t\t<\/div>\n\t\t<\/form>\n\t\t\t\t\t\t<\/div>\n\t\t\t\t<\/div>\n\t\t<div class=\"elementor-element elementor-element-195cb49 e-con-full e-flex e-con e-child\" data-id=\"195cb49\" data-element_type=\"container\" data-e-type=\"container\">\n\t\t\t\t<div class=\"elementor-element elementor-element-2bb4851 elementor-widget elementor-widget-google_maps\" data-id=\"2bb4851\" data-element_type=\"widget\" data-e-type=\"widget\" data-widget_type=\"google_maps.default\">\n\t\t\t\t\t\t\t<div class=\"elementor-custom-embed\">\n\t\t\t<iframe loading=\"lazy\"\n\t\t\t\t\tsrc=\"https:\/\/maps.google.com\/maps?q=11%20Rue%20Andr%C3%A9%20Fabry%2C%2019100%20Brive-la-Gaillarde&#038;t=m&#038;z=16&#038;output=embed&#038;iwloc=near\"\n\t\t\t\t\ttitle=\"11 Rue Andr\u00e9 Fabry, 19100 Brive-la-Gaillarde\"\n\t\t\t\t\taria-label=\"11 Rue Andr\u00e9 Fabry, 19100 Brive-la-Gaillarde\"\n\t\t\t><\/iframe>\n\t\t<\/div>\n\t\t\t\t\t\t<\/div>\n\t\t\t\t<\/div>\n\t\t\t\t\t<\/div>\n\t\t\t\t<\/div>\n\t\t<div class=\"elementor-element elementor-element-c23b8dd e-flex e-con-boxed e-con e-parent\" data-id=\"c23b8dd\" data-element_type=\"container\" data-e-type=\"container\">\n\t\t\t\t\t<div class=\"e-con-inner\">\n\t\t\t\t<div class=\"elementor-element elementor-element-a07ba93 elementor-widget-divider--view-line elementor-widget elementor-widget-divider\" data-id=\"a07ba93\" data-element_type=\"widget\" data-e-type=\"widget\" data-widget_type=\"divider.default\">\n\t\t\t\t\t\t\t<div class=\"elementor-divider\">\n\t\t\t<span class=\"elementor-divider-separator\">\n\t\t\t\t\t\t<\/span>\n\t\t<\/div>\n\t\t\t\t\t\t<\/div>\n\t\t\t\t\t<\/div>\n\t\t\t\t<\/div>\n\t\t<div class=\"elementor-element elementor-element-5cd8f432 e-flex e-con-boxed e-con e-parent\" data-id=\"5cd8f432\" data-element_type=\"container\" data-e-type=\"container\">\n\t\t\t\t\t<div class=\"e-con-inner\">\n\t\t<div class=\"elementor-element elementor-element-1cdd9ad8 e-con-full e-flex e-con e-child\" data-id=\"1cdd9ad8\" data-element_type=\"container\" data-e-type=\"container\">\n\t\t\t\t<div class=\"elementor-element elementor-element-24ec9388 elementor-widget elementor-widget-text-editor\" data-id=\"24ec9388\" data-element_type=\"widget\" data-e-type=\"widget\" data-widget_type=\"text-editor.default\">\n\t\t\t\t\t\t\t\t\t<p>Actualit\u00e9s<br \/>r\u00e9centes<\/p>\t\t\t\t\t\t\t\t<\/div>\n\t\t\t\t<div class=\"elementor-element elementor-element-3e9350ea elementor-mobile-align-right elementor-hidden-mobile elementor-widget elementor-widget-button\" data-id=\"3e9350ea\" data-element_type=\"widget\" data-e-type=\"widget\" data-widget_type=\"button.default\">\n\t\t\t\t\t\t\t\t\t\t<a class=\"elementor-button elementor-button-link elementor-size-sm\" href=\"https:\/\/www.indus-mobile.fr\/index.php\/agenda-2\/\">\n\t\t\t\t\t\t<span class=\"elementor-button-content-wrapper\">\n\t\t\t\t\t\t\t\t\t<span class=\"elementor-button-text\">Retour \u00e0 la liste<\/span>\n\t\t\t\t\t<\/span>\n\t\t\t\t\t<\/a>\n\t\t\t\t\t\t\t\t<\/div>\n\t\t\t\t<\/div>\n\t\t<div class=\"elementor-element elementor-element-519d7882 e-con-full e-flex e-con e-child\" data-id=\"519d7882\" data-element_type=\"container\" data-e-type=\"container\">\n\t\t\t\t<div class=\"elementor-element elementor-element-431cde80 elementor-grid-2 elementor-grid-tablet-2 elementor-grid-mobile-1 elementor-posts--thumbnail-top elementor-widget elementor-widget-posts\" data-id=\"431cde80\" data-element_type=\"widget\" data-e-type=\"widget\" data-settings=\"{&quot;classic_columns&quot;:&quot;2&quot;,&quot;classic_columns_tablet&quot;:&quot;2&quot;,&quot;classic_columns_mobile&quot;:&quot;1&quot;,&quot;classic_row_gap&quot;:{&quot;unit&quot;:&quot;px&quot;,&quot;size&quot;:35,&quot;sizes&quot;:[]},&quot;classic_row_gap_widescreen&quot;:{&quot;unit&quot;:&quot;px&quot;,&quot;size&quot;:&quot;&quot;,&quot;sizes&quot;:[]},&quot;classic_row_gap_laptop&quot;:{&quot;unit&quot;:&quot;px&quot;,&quot;size&quot;:&quot;&quot;,&quot;sizes&quot;:[]},&quot;classic_row_gap_tablet&quot;:{&quot;unit&quot;:&quot;px&quot;,&quot;size&quot;:&quot;&quot;,&quot;sizes&quot;:[]},&quot;classic_row_gap_mobile&quot;:{&quot;unit&quot;:&quot;px&quot;,&quot;size&quot;:&quot;&quot;,&quot;sizes&quot;:[]}}\" data-widget_type=\"posts.classic\">\n\t\t\t\t<div class=\"elementor-widget-container\">\n\t\t\t\t\t\t\t<div class=\"elementor-posts-container elementor-posts elementor-posts--skin-classic elementor-grid\" role=\"list\">\n\t\t\t\t<article class=\"elementor-post elementor-grid-item post-2452 post type-post status-publish format-standard has-post-thumbnail hentry category-uncategorized\" role=\"listitem\">\n\t\t\t\t<a class=\"elementor-post__thumbnail__link\" href=\"https:\/\/www.indus-mobile.fr\/index.php\/2026\/03\/17\/preselections-regionales-industrie\/\" tabindex=\"-1\" >\n\t\t\t<div class=\"elementor-post__thumbnail\"><img fetchpriority=\"high\" decoding=\"async\" width=\"800\" height=\"800\" src=\"https:\/\/www.indus-mobile.fr\/wp-content\/uploads\/2026\/03\/1773676107606.jpg\" class=\"attachment-large size-large wp-image-2453\" alt=\"Pr\u00e9s\u00e9lections Olympiades M\u00e9tiers\" srcset=\"https:\/\/www.indus-mobile.fr\/wp-content\/uploads\/2026\/03\/1773676107606.jpg 800w, https:\/\/www.indus-mobile.fr\/wp-content\/uploads\/2026\/03\/1773676107606-300x300.jpg 300w, https:\/\/www.indus-mobile.fr\/wp-content\/uploads\/2026\/03\/1773676107606-150x150.jpg 150w, https:\/\/www.indus-mobile.fr\/wp-content\/uploads\/2026\/03\/1773676107606-768x768.jpg 768w\" sizes=\"(max-width: 800px) 100vw, 800px\" \/><\/div>\n\t\t<\/a>\n\t\t\t\t<div class=\"elementor-post__text\">\n\t\t\t\t<h3 class=\"elementor-post__title\">\n\t\t\t<a href=\"https:\/\/www.indus-mobile.fr\/index.php\/2026\/03\/17\/preselections-regionales-industrie\/\" >\n\t\t\t\tPr\u00e9s\u00e9lections r\u00e9gionales \u00e0 Brive &#8211; 26\/03\t\t\t<\/a>\n\t\t<\/h3>\n\t\t\t\t<div class=\"elementor-post__meta-data\">\n\t\t\t\t\t<span class=\"elementor-post-date\">\n\t\t\tmars 17, 2026\t\t<\/span>\n\t\t\t\t<\/div>\n\t\t\t\t<\/div>\n\t\t\t\t<\/article>\n\t\t\t\t<article class=\"elementor-post elementor-grid-item post-1850 post type-post status-publish format-standard has-post-thumbnail hentry category-uncategorized\" role=\"listitem\">\n\t\t\t\t<a class=\"elementor-post__thumbnail__link\" href=\"https:\/\/www.indus-mobile.fr\/index.php\/2026\/02\/16\/job-dating-25-mars\/\" tabindex=\"-1\" >\n\t\t\t<div class=\"elementor-post__thumbnail\"><img decoding=\"async\" width=\"464\" height=\"462\" src=\"https:\/\/www.indus-mobile.fr\/wp-content\/uploads\/2026\/02\/Image-2.webp\" class=\"attachment-large size-large wp-image-1473\" alt=\"journ\u00e9e job dating\" srcset=\"https:\/\/www.indus-mobile.fr\/wp-content\/uploads\/2026\/02\/Image-2.webp 464w, https:\/\/www.indus-mobile.fr\/wp-content\/uploads\/2026\/02\/Image-2-300x300.webp 300w, https:\/\/www.indus-mobile.fr\/wp-content\/uploads\/2026\/02\/Image-2-150x150.webp 150w\" sizes=\"(max-width: 464px) 100vw, 464px\" \/><\/div>\n\t\t<\/a>\n\t\t\t\t<div class=\"elementor-post__text\">\n\t\t\t\t<h3 class=\"elementor-post__title\">\n\t\t\t<a href=\"https:\/\/www.indus-mobile.fr\/index.php\/2026\/02\/16\/job-dating-25-mars\/\" >\n\t\t\t\tJob dating 25 mars 2026\t\t\t<\/a>\n\t\t<\/h3>\n\t\t\t\t<div class=\"elementor-post__meta-data\">\n\t\t\t\t\t<span class=\"elementor-post-date\">\n\t\t\tf\u00e9vrier 16, 2026\t\t<\/span>\n\t\t\t\t<\/div>\n\t\t\t\t<\/div>\n\t\t\t\t<\/article>\n\t\t\t\t<\/div>\n\t\t\n\t\t\t\t\t\t<\/div>\n\t\t\t\t<\/div>\n\t\t\t\t<\/div>\n\t\t\t\t\t<\/div>\n\t\t\t\t<\/div>\n\t\t\t\t<\/div>\n\t\t","protected":false},"excerpt":{"rendered":"<p>Une question, un projet ou une demande d\u2019information ? L\u2019\u00e9quipe Indus\u2019Mobile est \u00e0 votre \u00e9coute pour vous accompagner dans la d\u00e9couverte et la promotion des m\u00e9tiers industriels.<\/p>\n","protected":false},"author":1,"featured_media":1880,"parent":0,"menu_order":0,"comment_status":"closed","ping_status":"closed","template":"","meta":{"footnotes":""},"class_list":["post-1542","page","type-page","status-publish","has-post-thumbnail","hentry"],"yoast_head":"<!-- This site is optimized with the Yoast SEO plugin v27.3 - https:\/\/yoast.com\/product\/yoast-seo-wordpress\/ -->\n<title>Contact - Indus Mobile<\/title>\n<meta name=\"description\" content=\"Contactez l\u2019\u00e9quipe Indus\u2019Mobile pour toute information, partenariat ou organisation de visite autour des m\u00e9tiers de l\u2019industrie en Limousin.\" \/>\n<meta name=\"robots\" content=\"index, follow, max-snippet:-1, max-image-preview:large, max-video-preview:-1\" \/>\n<link rel=\"canonical\" href=\"https:\/\/www.indus-mobile.fr\/index.php\/contact\/\" \/>\n<meta property=\"og:locale\" content=\"fr_FR\" \/>\n<meta property=\"og:type\" content=\"article\" \/>\n<meta property=\"og:title\" content=\"Contacter l&#039;\u00e9quipe d&#039; Indus&#039;Mobile\" \/>\n<meta property=\"og:description\" content=\"Une question, un projet ou une demande d\u2019information ? L\u2019\u00e9quipe Indus\u2019Mobile est \u00e0 votre \u00e9coute pour vous accompagner dans la d\u00e9couverte et la promotion des m\u00e9tiers industriels.\" \/>\n<meta property=\"og:url\" content=\"https:\/\/www.indus-mobile.fr\/index.php\/contact\/\" \/>\n<meta property=\"og:site_name\" content=\"Indus Mobile\" \/>\n<meta property=\"article:modified_time\" content=\"2026-02-26T13:24:29+00:00\" \/>\n<meta property=\"og:image\" content=\"https:\/\/www.indus-mobile.fr\/wp-content\/uploads\/2026\/02\/IndusMobile-MEA-02.jpg\" \/>\n\t<meta property=\"og:image:width\" content=\"1080\" \/>\n\t<meta property=\"og:image:height\" content=\"1080\" \/>\n\t<meta property=\"og:image:type\" content=\"image\/jpeg\" \/>\n<meta name=\"twitter:card\" content=\"summary_large_image\" \/>\n<meta name=\"twitter:title\" content=\"Contacter l&#039;\u00e9quipe d&#039; Indus&#039;Mobile\" \/>\n<meta name=\"twitter:description\" content=\"Une question, un projet ou une demande d\u2019information ? L\u2019\u00e9quipe Indus\u2019Mobile est \u00e0 votre \u00e9coute pour vous accompagner dans la d\u00e9couverte et la promotion des m\u00e9tiers industriels.\" \/>\n<meta name=\"twitter:image\" content=\"https:\/\/www.indus-mobile.fr\/wp-content\/uploads\/2026\/02\/IndusMobile-MEA-01.jpg\" \/>\n<meta name=\"twitter:label1\" content=\"Dur\u00e9e de lecture estim\u00e9e\" \/>\n\t<meta name=\"twitter:data1\" content=\"1 minute\" \/>\n<script type=\"application\/ld+json\" class=\"yoast-schema-graph\">{\"@context\":\"https:\\\/\\\/schema.org\",\"@graph\":[{\"@type\":\"WebPage\",\"@id\":\"https:\\\/\\\/www.indus-mobile.fr\\\/index.php\\\/contact\\\/\",\"url\":\"https:\\\/\\\/www.indus-mobile.fr\\\/index.php\\\/contact\\\/\",\"name\":\"Contact - Indus Mobile\",\"isPartOf\":{\"@id\":\"https:\\\/\\\/www.indus-mobile.fr\\\/#website\"},\"primaryImageOfPage\":{\"@id\":\"https:\\\/\\\/www.indus-mobile.fr\\\/index.php\\\/contact\\\/#primaryimage\"},\"image\":{\"@id\":\"https:\\\/\\\/www.indus-mobile.fr\\\/index.php\\\/contact\\\/#primaryimage\"},\"thumbnailUrl\":\"https:\\\/\\\/www.indus-mobile.fr\\\/wp-content\\\/uploads\\\/2026\\\/02\\\/IndusMobile-MEA-02.jpg\",\"datePublished\":\"2026-02-09T13:02:37+00:00\",\"dateModified\":\"2026-02-26T13:24:29+00:00\",\"description\":\"Contactez l\u2019\u00e9quipe Indus\u2019Mobile pour toute information, partenariat ou organisation de visite autour des m\u00e9tiers de l\u2019industrie en Limousin.\",\"breadcrumb\":{\"@id\":\"https:\\\/\\\/www.indus-mobile.fr\\\/index.php\\\/contact\\\/#breadcrumb\"},\"inLanguage\":\"fr-FR\",\"potentialAction\":[{\"@type\":\"ReadAction\",\"target\":[\"https:\\\/\\\/www.indus-mobile.fr\\\/index.php\\\/contact\\\/\"]}]},{\"@type\":\"ImageObject\",\"inLanguage\":\"fr-FR\",\"@id\":\"https:\\\/\\\/www.indus-mobile.fr\\\/index.php\\\/contact\\\/#primaryimage\",\"url\":\"https:\\\/\\\/www.indus-mobile.fr\\\/wp-content\\\/uploads\\\/2026\\\/02\\\/IndusMobile-MEA-02.jpg\",\"contentUrl\":\"https:\\\/\\\/www.indus-mobile.fr\\\/wp-content\\\/uploads\\\/2026\\\/02\\\/IndusMobile-MEA-02.jpg\",\"width\":1080,\"height\":1080},{\"@type\":\"BreadcrumbList\",\"@id\":\"https:\\\/\\\/www.indus-mobile.fr\\\/index.php\\\/contact\\\/#breadcrumb\",\"itemListElement\":[{\"@type\":\"ListItem\",\"position\":1,\"name\":\"Accueil\",\"item\":\"https:\\\/\\\/www.indus-mobile.fr\\\/\"},{\"@type\":\"ListItem\",\"position\":2,\"name\":\"Contact\"}]},{\"@type\":\"WebSite\",\"@id\":\"https:\\\/\\\/www.indus-mobile.fr\\\/#website\",\"url\":\"https:\\\/\\\/www.indus-mobile.fr\\\/\",\"name\":\"Indus Mobile\",\"description\":\"L&#039;usine itin\u00e9rante du Limousin\",\"publisher\":{\"@id\":\"https:\\\/\\\/www.indus-mobile.fr\\\/#organization\"},\"potentialAction\":[{\"@type\":\"SearchAction\",\"target\":{\"@type\":\"EntryPoint\",\"urlTemplate\":\"https:\\\/\\\/www.indus-mobile.fr\\\/?s={search_term_string}\"},\"query-input\":{\"@type\":\"PropertyValueSpecification\",\"valueRequired\":true,\"valueName\":\"search_term_string\"}}],\"inLanguage\":\"fr-FR\"},{\"@type\":\"Organization\",\"@id\":\"https:\\\/\\\/www.indus-mobile.fr\\\/#organization\",\"name\":\"Indus Mobile\",\"url\":\"https:\\\/\\\/www.indus-mobile.fr\\\/\",\"logo\":{\"@type\":\"ImageObject\",\"inLanguage\":\"fr-FR\",\"@id\":\"https:\\\/\\\/www.indus-mobile.fr\\\/#\\\/schema\\\/logo\\\/image\\\/\",\"url\":\"https:\\\/\\\/www.indus-mobile.fr\\\/wp-content\\\/uploads\\\/2026\\\/01\\\/Logo.png\",\"contentUrl\":\"https:\\\/\\\/www.indus-mobile.fr\\\/wp-content\\\/uploads\\\/2026\\\/01\\\/Logo.png\",\"width\":364,\"height\":192,\"caption\":\"Indus Mobile\"},\"image\":{\"@id\":\"https:\\\/\\\/www.indus-mobile.fr\\\/#\\\/schema\\\/logo\\\/image\\\/\"}}]}<\/script>\n<!-- \/ Yoast SEO plugin. -->","yoast_head_json":{"title":"Contact - Indus Mobile","description":"Contactez l\u2019\u00e9quipe Indus\u2019Mobile pour toute information, partenariat ou organisation de visite autour des m\u00e9tiers de l\u2019industrie en Limousin.","robots":{"index":"index","follow":"follow","max-snippet":"max-snippet:-1","max-image-preview":"max-image-preview:large","max-video-preview":"max-video-preview:-1"},"canonical":"https:\/\/www.indus-mobile.fr\/index.php\/contact\/","og_locale":"fr_FR","og_type":"article","og_title":"Contacter l'\u00e9quipe d' Indus'Mobile","og_description":"Une question, un projet ou une demande d\u2019information ? L\u2019\u00e9quipe Indus\u2019Mobile est \u00e0 votre \u00e9coute pour vous accompagner dans la d\u00e9couverte et la promotion des m\u00e9tiers industriels.","og_url":"https:\/\/www.indus-mobile.fr\/index.php\/contact\/","og_site_name":"Indus Mobile","article_modified_time":"2026-02-26T13:24:29+00:00","og_image":[{"width":1080,"height":1080,"url":"https:\/\/www.indus-mobile.fr\/wp-content\/uploads\/2026\/02\/IndusMobile-MEA-02.jpg","type":"image\/jpeg"}],"twitter_card":"summary_large_image","twitter_title":"Contacter l'\u00e9quipe d' Indus'Mobile","twitter_description":"Une question, un projet ou une demande d\u2019information ? L\u2019\u00e9quipe Indus\u2019Mobile est \u00e0 votre \u00e9coute pour vous accompagner dans la d\u00e9couverte et la promotion des m\u00e9tiers industriels.","twitter_image":"https:\/\/www.indus-mobile.fr\/wp-content\/uploads\/2026\/02\/IndusMobile-MEA-01.jpg","twitter_misc":{"Dur\u00e9e de lecture estim\u00e9e":"1 minute"},"schema":{"@context":"https:\/\/schema.org","@graph":[{"@type":"WebPage","@id":"https:\/\/www.indus-mobile.fr\/index.php\/contact\/","url":"https:\/\/www.indus-mobile.fr\/index.php\/contact\/","name":"Contact - Indus Mobile","isPartOf":{"@id":"https:\/\/www.indus-mobile.fr\/#website"},"primaryImageOfPage":{"@id":"https:\/\/www.indus-mobile.fr\/index.php\/contact\/#primaryimage"},"image":{"@id":"https:\/\/www.indus-mobile.fr\/index.php\/contact\/#primaryimage"},"thumbnailUrl":"https:\/\/www.indus-mobile.fr\/wp-content\/uploads\/2026\/02\/IndusMobile-MEA-02.jpg","datePublished":"2026-02-09T13:02:37+00:00","dateModified":"2026-02-26T13:24:29+00:00","description":"Contactez l\u2019\u00e9quipe Indus\u2019Mobile pour toute information, partenariat ou organisation de visite autour des m\u00e9tiers de l\u2019industrie en Limousin.","breadcrumb":{"@id":"https:\/\/www.indus-mobile.fr\/index.php\/contact\/#breadcrumb"},"inLanguage":"fr-FR","potentialAction":[{"@type":"ReadAction","target":["https:\/\/www.indus-mobile.fr\/index.php\/contact\/"]}]},{"@type":"ImageObject","inLanguage":"fr-FR","@id":"https:\/\/www.indus-mobile.fr\/index.php\/contact\/#primaryimage","url":"https:\/\/www.indus-mobile.fr\/wp-content\/uploads\/2026\/02\/IndusMobile-MEA-02.jpg","contentUrl":"https:\/\/www.indus-mobile.fr\/wp-content\/uploads\/2026\/02\/IndusMobile-MEA-02.jpg","width":1080,"height":1080},{"@type":"BreadcrumbList","@id":"https:\/\/www.indus-mobile.fr\/index.php\/contact\/#breadcrumb","itemListElement":[{"@type":"ListItem","position":1,"name":"Accueil","item":"https:\/\/www.indus-mobile.fr\/"},{"@type":"ListItem","position":2,"name":"Contact"}]},{"@type":"WebSite","@id":"https:\/\/www.indus-mobile.fr\/#website","url":"https:\/\/www.indus-mobile.fr\/","name":"Indus Mobile","description":"L&#039;usine itin\u00e9rante du Limousin","publisher":{"@id":"https:\/\/www.indus-mobile.fr\/#organization"},"potentialAction":[{"@type":"SearchAction","target":{"@type":"EntryPoint","urlTemplate":"https:\/\/www.indus-mobile.fr\/?s={search_term_string}"},"query-input":{"@type":"PropertyValueSpecification","valueRequired":true,"valueName":"search_term_string"}}],"inLanguage":"fr-FR"},{"@type":"Organization","@id":"https:\/\/www.indus-mobile.fr\/#organization","name":"Indus Mobile","url":"https:\/\/www.indus-mobile.fr\/","logo":{"@type":"ImageObject","inLanguage":"fr-FR","@id":"https:\/\/www.indus-mobile.fr\/#\/schema\/logo\/image\/","url":"https:\/\/www.indus-mobile.fr\/wp-content\/uploads\/2026\/01\/Logo.png","contentUrl":"https:\/\/www.indus-mobile.fr\/wp-content\/uploads\/2026\/01\/Logo.png","width":364,"height":192,"caption":"Indus Mobile"},"image":{"@id":"https:\/\/www.indus-mobile.fr\/#\/schema\/logo\/image\/"}}]}},"_links":{"self":[{"href":"https:\/\/www.indus-mobile.fr\/index.php\/wp-json\/wp\/v2\/pages\/1542","targetHints":{"allow":["GET"]}}],"collection":[{"href":"https:\/\/www.indus-mobile.fr\/index.php\/wp-json\/wp\/v2\/pages"}],"about":[{"href":"https:\/\/www.indus-mobile.fr\/index.php\/wp-json\/wp\/v2\/types\/page"}],"author":[{"embeddable":true,"href":"https:\/\/www.indus-mobile.fr\/index.php\/wp-json\/wp\/v2\/users\/1"}],"replies":[{"embeddable":true,"href":"https:\/\/www.indus-mobile.fr\/index.php\/wp-json\/wp\/v2\/comments?post=1542"}],"version-history":[{"count":28,"href":"https:\/\/www.indus-mobile.fr\/index.php\/wp-json\/wp\/v2\/pages\/1542\/revisions"}],"predecessor-version":[{"id":2299,"href":"https:\/\/www.indus-mobile.fr\/index.php\/wp-json\/wp\/v2\/pages\/1542\/revisions\/2299"}],"wp:featuredmedia":[{"embeddable":true,"href":"https:\/\/www.indus-mobile.fr\/index.php\/wp-json\/wp\/v2\/media\/1880"}],"wp:attachment":[{"href":"https:\/\/www.indus-mobile.fr\/index.php\/wp-json\/wp\/v2\/media?parent=1542"}],"curies":[{"name":"wp","href":"https:\/\/api.w.org\/{rel}","templated":true}]}}